i*o + 429. What are the prime factors of o?
2, 3, 23
Let u = -29 - 364. What are the prime factors of -6 + (4 + -6 - u)?
5, 7, 11
Suppose 0 = -73*l + 76*l - 3. What are the prime factors of (l*-438)/(-2) - (-3 + 8)?
2, 107
Suppose -1 = k + 4*i + 17, 2 = 2*i. Let q be 1424/6*33/k. What are the prime factors of 11/(-22)*q/2?
89
Let n = 2421 + 427. Suppose -r - n = -5*r. List the prime factors of r.
2, 89
Let j(f) = 585*f**2 - 262*f - 4. List the prime factors of j(7).
139, 193
Suppose 276558 = 56*d + 11785 - 96203. What are the prime factors of d?
2, 11, 293
Let o(l) = 44950*l - 1583. List the prime factors of o(1).
17, 2551
Suppose 4*o + 7*o = 0. Suppose 0 = -4*g + 3*v + 393, 3*g - 297 = 3*v - o*v. What are the prime factors of g?
2, 3
Suppose 3*u + 6 = 0, 10*u = -5*w + 9*u + 663. Let f be 2/12 - (-332)/24. Let x = w - f. What are the prime factors of x?
7, 17
Let w(t) = t**3 + 10*t**2 - 90*t + 107. What are the prime factors of w(13)?
2, 353
List the prime factors of 5708/(-6)*(-55 - -31).
2, 1427
Suppose s - 3*v - 2463 = 0, 10*s = -5*v + 3317 + 21418. What are the prime factors of s?
2, 3, 103
Suppose -5*z + 4*g + 16 = 5, -5*z + 10 = -5*g. Suppose -i + 652 = z*i. What are the prime factors of i?
163
Let t = 4083 + 1369. What are the prime factors of t?
2, 29, 47
Let i = 113 - 217. Let d = -1655 + 1528. Let g = i - d. List the prime factors of g.
23
Let z = 936 + -172. Suppose 2*h = -3*u + 6*h + 1118, -2*h + z = 2*u. List the prime factors of u.
2, 3, 7
Suppose -4*f + 5258 + 368 = h, 4*f = h - 5642. List the prime factors of h.
2, 3, 313
Let o(b) = 2*b**2 - 17*b - 18. Let g = 196 + -183. List the prime factors of o(g).
3, 11
Let c(y) = y**3 - 10*y**2 + 8*y + 11. Let m be c(9). What are the prime factors of (m + -104)/(-1 + 32/40)?
2, 3, 5, 17
Let n(y) = 3 - y + 30*y**2 - 2 - 33*y**2 - 5*y**3. Let x be n(-1). What are the prime factors of (4 - (7 - x))*17?
17
Let t = 3825 - 3831. Let x(m) = -3 + 6*m**2 - 15 - 4*m**2 + 4*m. List the prime factors of x(t).
2, 3, 5
Let u be 8/(-36) + 57/27*2. Suppose -5*g = -u*g - 205. List the prime factors of g.
5, 41
Suppose -2*m + 160 = 3*v, -2*v = -2*m - m + 266. Suppose -275 = -5*l + 555. Let k = l - m. What are the prime factors of k?
2, 5
Let u(f) = -f**3 - 19*f**2 + 18*f - 38. Let r be u(-20). Suppose -r*t + 683 = 5*y - 4*t, 0 = 4*y - 2*t - 546. Let d = -98 + y. List the prime factors of d.
3, 13
Let q = -45 - -47. Let b(r) = 11*r**2 - 6*r**q + 9*r - 2 + r**3 + 8 - 9*r**2. What are the prime factors of b(5)?
2, 19
Suppose -12*k = 1817 - 377. Let u be ((499/(-3))/1)/((-40)/k). Let q = u - -759. What are the prime factors of q?
2, 5, 13
Suppose -81573 + 17473 = -20*o. Suppose 4*l + 3*u = 2563, 8*l - 3*l - o = -4*u. What are the prime factors of l?
7, 13
Let i = -31526 - -56794. What are the prime factors of i?
2, 6317
Let a(w) = w**2 + 5*w + 4. Let g be a(-4). Suppose 31*q + 840 = -11*q. Let s = g - q. What are the prime factors of s?
2, 5
Suppose 2*r = -2*m - 0 - 10, -5*m - 17 = 3*r. Let u be -17 + 15 + -2 + 1 + r. What are the prime factors of (-215)/u + (-80)/(-35) + -2?
31
What are the prime factors of (1 + 31 + (-95 - -100))*137?
37, 137
List the prime factors of (-14)/(-1701)*9 - (-4 + 3563240/(-54)).
2, 5, 6599
Suppose -5*f - 57 = -3*d + 10068, -d + 3392 = 4*f. List the prime factors of d.
2, 5, 13
Let u(r) be the first derivative of 173*r**2/2 - 41*r + 251. What are the prime factors of u(7)?
2, 3, 5, 13
Suppose 20 = 2*i - 5*r, -r - r = 4*i + 8. Suppose i = k + 4 - 1. List the prime factors of (-1 - (-1)/k)/(2/(-27)).
2, 3
Let b(z) = -z**2 + 478*z - 721. What are the prime factors of b(77)?
2, 3, 7, 359
Let u(q) = 94*q + 292. Let j(v) = 62*v + 194. Let z(m) = 8*j(m) - 5*u(m). List the prime factors of z(8).
2, 3, 5
Suppose 5*n = y + 30, -2*y = -3*n + 4 + 21. Suppose -6*w + 594 = n*w. What are the prime factors of 5112/w - 2/(-6)?
5, 19
Let v(l) be the second derivative of -l**5/20 + 3*l**4/4 - l**3/3 - 5*l**2 + 3*l. Let t be v(8). Let c = 8 + t. List the prime factors of c.
2, 23
Let k(y) = 5050*y**3 - 7*y**2 + 7*y - 1. Let u be k(1). Let a = -3409 + u. What are the prime factors of a?
2, 5, 41
Let f = -4165 - -5878. Suppose -4*r - 115 = -2*x + f, x + r - 911 = 0. List the prime factors of x.
2, 3, 19
Let q(i) = -5*i**2 + 13. Let w be q(3). List the prime factors of 1068 - w/8 - 7.
3, 5, 71
Let k = -19 + 160. Suppose 94*x - 78*x - 3808 = 0. Let g = x - k. List the prime factors of g.
97
What are the prime factors of (-10174)/18*24759/(-393)?
7, 5087
Let l = -15 + 18. Suppose -6*o = -2*o, l*s - 2*o - 102 = 0. Suppose 37*p = s*p + 840. What are the prime factors of p?
2, 5, 7
Let j = -39 + 43. Let y be (-1)/(-4) - ((-2035)/j)/5. Let x = -27 + y. List the prime factors of x.
3, 5
Let h(w) = w**2 + 5*w - 9. Let l be h(-5). Let i(q) = -45*q - 29. List the prime factors of i(l).
2, 47
Let r(t) = 43*t - 58. Let z be r(10). What are the prime factors of (z/8)/(24/208)?
13, 31
Suppose 0 = 90*q - 16335 - 9315. List the prime factors of q.
3, 5, 19
Let s = -34 - 21. Let f = -55 - s. Suppose -6*p - 3*p + 36 = f. List the prime factors of p.
2
Let u be 1/((-32)/(-24))*32/6. Suppose 0 = -u*n + n + 426. What are the prime factors of n?
2, 71
Let w(h) = -7*h**2 - 20*h + 21. Let n(l) = 19*l**2 + 61*l - 64. Let g(k) = -4*n(k) - 11*w(k). What are the prime factors of g(-14)?
557
Suppose -79*t + 154*t = 6000. List the prime factors of t.
2, 5
Suppose 4*z + 1851 + 233 = 0. What are the prime factors of (z/4)/((-52)/208)?
521
Suppose -2*h + 3612 + 1123 = 5*f, f = 2*h + 935. Suppose -f = -3*w + 126. What are the prime factors of w?
3, 7, 17
Let b = -365 + 761. Let l = b + -25. What are the prime factors of l?
7, 53
Let u(c) be the first derivative of c**4/4 - 5*c**3/3 - 11*c**2/2 + 44*c - 94. What are the prime factors of u(10)?
2, 7, 31
Let h(a) = a**2 + 17*a - 30. Let k be h(-20). Let p(r) = r**3 - 28*r**2 - 31*r - 46. List the prime factors of p(k).
2, 103
Let r = -246 + 23. Let m = r - -459. List the prime factors of m.
2, 59
What are the prime factors of (520/(-39) + 15)*8823?
5, 17, 173
Let o = 8540 + -4481. What are the prime factors of o?
3, 11, 41
Suppose -4*p + 78 = 406. Let w = p - -86. List the prime factors of 7 + -2 - w/2.
3
Let x(d) = -d**3 - 22*d**2 - 16*d + 138. Let m be x(-21). What are the prime factors of (-24 - (8 - 7))/((-3)/m)?
5, 11
Suppose 3*w - 5*s - 1630 = 0, -s - 2184 - 12 = -4*w. Let z = w - 323. Let n = -90 + z. What are the prime factors of n?
137
Suppose 36*q = 70568 + 228232. What are the prime factors of q?
2, 5, 83
Let v be 30322/10 - 8/(-10). Let k = v + -1745. List the prime factors of k.
2, 7, 23
Let j be (-4 - -5)*-22362 + 33/(-11). What are the prime factors of (j/70)/(1 - (-6)/(-4))?
3, 71
Let f(z) = z**2 - 12*z - 9. Let d be f(12). What are the prime factors of ((-449)/3)/(-5 - 42/d)?
449
Let j = 619 + -613. Suppose -11*h = -j*h - 5*s - 2250, -3*s = -h + 442. List the prime factors of h.
2, 227
Let x be (8/(-12)*-1)/(2/699). Let t = x + -18. What are the prime factors of t?
5, 43
Suppose -9*r + 8*r + 11 = 4*k, -18 = 3*r - 5*k. What are the prime factors of (-15)/15 + (r - -171)?
13
Let n = -81417 - -155503. List the prime factors of n.
2, 17, 2179
Let y(q) = 55*q - 10. Let f be 8/5*4/((-64)/(-40)). What are the prime factors of y(f)?
2, 3, 5, 7
Suppose -113660 = 57*c - 522578. List the prime factors of c.
2, 17, 211
Let c(d) = -d**3 - 5*d**2 + 15*d - 3. Let z be c(-7). What are the prime factors of (-33384)/(-40) - 4/z?
5, 167
Suppose 1872 = -50*y + 52*y. Suppose -8*i + 14*i = y. Suppose 7*j = 3*j + i. List the prime factors of j.
3, 13
Suppose 3*a - 44 = -4*h, 0 = 2*a + 4*h - 337 + 297. Let g be (-247)/7 + (-2)/(-7). List the prime factors of 154/g + a - (-174)/10.
17
Let u = -170 - -336. Suppose -5*t - 319 = -3*v, 3*v - u = -5*t + 133. List the prime factors of v.
103
Let c be (14/(-10) + 1)*-5. Suppose 7*j - c*j = 30. Suppose 0 = -4*q - o + 120, o - j*o = 0. List the prime factors of q.
2, 3, 5
Let s = -51061 + 84787. List the prime factors of s.
2, 3, 7, 11, 73
Let v = 19566 + -8714. List the prime factors of v.
2, 2713
Suppose -7*t = -1173 - 927. Suppose -t = -5*n + 240. Suppose c = 64 + n. List the prime factors of c.
2, 43
Suppose 3*g + 219 = -3*n + 30, 59 = -n - 2*g. 